{"id":20529,"date":"2022-12-05T12:50:31","date_gmt":"2022-12-05T12:50:31","guid":{"rendered":"https:\/\/erec-cm.com\/?post_type=product&#038;p=20529"},"modified":"2026-04-29T11:22:32","modified_gmt":"2026-04-29T11:22:32","slug":"masque-a-infra-rouge-pour-salon-esthetique","status":"publish","type":"product","link":"https:\/\/erec-cm.com\/index.php\/product\/masque-a-infra-rouge-pour-salon-esthetique\/","title":{"rendered":"Masque \u00e0 infra rouge pour salon esth\u00e9tique"},"content":{"rendered":"<p><span class=\"sw\"><b>Les<\/b><\/span> <span class=\"sw\"><b>masques<\/b><\/span> <span class=\"sw\"><b>faciaux<\/b><\/span> <span class=\"sw\"><b>\u00e0<\/b><\/span> <span class=\"sw\"><b>LED<\/b><\/span> <span class=\"sw\"><b>se<\/b><\/span> <span class=\"sw\"><b>sont<\/b><\/span> <span class=\"sw\"><b>av\u00e9r\u00e9s<\/b><\/span> <span class=\"sw\"><b>efficaces<\/b><\/span> <span class=\"sw\">pour<\/span> <span class=\"sw\"><b>traiter<\/b><\/span> <span class=\"sw\"><b>diff\u00e9rents<\/b><\/span> <span class=\"sw\">aspects<\/span> <span class=\"sw\">du<\/span> <span class=\"sw\"><b>vieillissement<\/b><\/span> <span class=\"sw\"><b>cutan\u00e9.<\/b><\/span> <span class=\"sw\"><b>Des<\/b><\/span> <span class=\"sw\"><b>am\u00e9liorations<\/b><\/span> <span class=\"sw\">ont<\/span> <span class=\"sw\"><b>\u00e9t\u00e9<\/b><\/span> <span class=\"sw\"><b>d\u00e9montr\u00e9es.<\/b><\/span> <span class=\"sw\">Ces<\/span> <span class=\"sw\">r\u00e9sultats<\/span> <span class=\"sw\">sont<\/span> <span class=\"sw\"><b>soutenus<\/b><\/span> <span class=\"sw\"><b>\u00e0<\/b><\/span> <span class=\"sw\"><b>la<\/b><\/span> <span class=\"sw\"><b>fois<\/b><\/span> <span class=\"sw\">par<\/span> <span class=\"sw\"><b>une<\/b><\/span> <span class=\"sw\">production<\/span> <span class=\"sw\"><b>et<\/b><\/span> <span class=\"sw\"><b>une<\/b><\/span> <span class=\"sw\"><b>prolif\u00e9ration<\/b><\/span> <span class=\"sw\"><b>accrues<\/b><\/span> <span class=\"sw\">de<\/span> <span class=\"sw\"><b>collag\u00e8ne.<\/b><\/span><\/p>\n","protected":false},"excerpt":{"rendered":"<p>Les masques faciaux \u00e0 LED se sont av\u00e9r\u00e9s efficaces pour traiter diff\u00e9rents aspects du vieillissement cutan\u00e9. Des am\u00e9liorations ont \u00e9t\u00e9 d\u00e9montr\u00e9es. Ces r\u00e9sultats sont soutenus \u00e0 la fois par une production et une prolif\u00e9ration accrues de collag\u00e8ne.<\/p>\n","protected":false},"featured_media":20530,"comment_status":"open","ping_status":"closed","template":"","meta":[],"product_cat":[119],"product_tag":[],"class_list":{"0":"post-20529","1":"product","2":"type-product","3":"status-publish","4":"has-post-thumbnail","6":"product_cat-materiel-desthetique","9":"first","10":"instock","11":"shipping-taxable","12":"purchasable","13":"product-type-simple"},"yoast_head":"<!-- This site is optimized with the Yoast SEO plugin v23.2 - https:\/\/yoast.com\/wordpress\/plugins\/seo\/ -->\n<title>Masque \u00e0 infra rouge pour salon esth\u00e9tique - Erec Cameroun<\/title>\n<meta name=\"robots\" content=\"index, follow, max-snippet:-1, max-image-preview:large, max-video-preview:-1\" \/>\n<link rel=\"canonical\" href=\"https:\/\/erec-cm.com\/index.php\/product\/masque-a-infra-rouge-pour-salon-esthetique\/\" \/>\n<meta property=\"og:locale\" content=\"fr_FR\" \/>\n<meta property=\"og:type\" content=\"article\" \/>\n<meta property=\"og:title\" content=\"Masque \u00e0 infra rouge pour salon esth\u00e9tique - Erec Cameroun\" \/>\n<meta property=\"og:description\" content=\"Les masques faciaux \u00e0 LED se sont av\u00e9r\u00e9s efficaces pour traiter diff\u00e9rents aspects du vieillissement cutan\u00e9. Des am\u00e9liorations ont \u00e9t\u00e9 d\u00e9montr\u00e9es. Ces r\u00e9sultats sont soutenus \u00e0 la fois par une production et une prolif\u00e9ration accrues de collag\u00e8ne.\" \/>\n<meta property=\"og:url\" content=\"https:\/\/erec-cm.com\/index.php\/product\/masque-a-infra-rouge-pour-salon-esthetique\/\" \/>\n<meta property=\"og:site_name\" content=\"Erec Cameroun\" \/>\n<meta property=\"article:modified_time\" content=\"2026-04-29T11:22:32+00:00\" \/>\n<meta property=\"og:image\" content=\"https:\/\/erec-cm.com\/wp-content\/uploads\/2022\/12\/Masque-a-infra-rouge-pour-salon-esthetique.jpg\" \/>\n\t<meta property=\"og:image:width\" content=\"1080\" \/>\n\t<meta property=\"og:image:height\" content=\"1080\" \/>\n\t<meta property=\"og:image:type\" content=\"image\/jpeg\" \/>\n<meta name=\"twitter:card\" content=\"summary_large_image\" \/>\n<meta name=\"twitter:label1\" content=\"Dur\u00e9e de lecture estim\u00e9e\" \/>\n\t<meta name=\"twitter:data1\" content=\"1 minute\" \/>\n<script type=\"application\/ld+json\" class=\"yoast-schema-graph\">{\"@context\":\"https:\/\/schema.org\",\"@graph\":[{\"@type\":\"WebPage\",\"@id\":\"https:\/\/erec-cm.com\/index.php\/product\/masque-a-infra-rouge-pour-salon-esthetique\/\",\"url\":\"https:\/\/erec-cm.com\/index.php\/product\/masque-a-infra-rouge-pour-salon-esthetique\/\",\"name\":\"Masque \u00e0 infra rouge pour salon esth\u00e9tique - Erec Cameroun\",\"isPartOf\":{\"@id\":\"https:\/\/erec-cm.com\/#website\"},\"primaryImageOfPage\":{\"@id\":\"https:\/\/erec-cm.com\/index.php\/product\/masque-a-infra-rouge-pour-salon-esthetique\/#primaryimage\"},\"image\":{\"@id\":\"https:\/\/erec-cm.com\/index.php\/product\/masque-a-infra-rouge-pour-salon-esthetique\/#primaryimage\"},\"thumbnailUrl\":\"https:\/\/erec-cm.com\/wp-content\/uploads\/2022\/12\/Masque-a-infra-rouge-pour-salon-esthetique.jpg\",\"datePublished\":\"2022-12-05T12:50:31+00:00\",\"dateModified\":\"2026-04-29T11:22:32+00:00\",\"breadcrumb\":{\"@id\":\"https:\/\/erec-cm.com\/index.php\/product\/masque-a-infra-rouge-pour-salon-esthetique\/#breadcrumb\"},\"inLanguage\":\"fr-FR\",\"potentialAction\":[{\"@type\":\"ReadAction\",\"target\":[\"https:\/\/erec-cm.com\/index.php\/product\/masque-a-infra-rouge-pour-salon-esthetique\/\"]}]},{\"@type\":\"ImageObject\",\"inLanguage\":\"fr-FR\",\"@id\":\"https:\/\/erec-cm.com\/index.php\/product\/masque-a-infra-rouge-pour-salon-esthetique\/#primaryimage\",\"url\":\"https:\/\/erec-cm.com\/wp-content\/uploads\/2022\/12\/Masque-a-infra-rouge-pour-salon-esthetique.jpg\",\"contentUrl\":\"https:\/\/erec-cm.com\/wp-content\/uploads\/2022\/12\/Masque-a-infra-rouge-pour-salon-esthetique.jpg\",\"width\":1080,\"height\":1080},{\"@type\":\"BreadcrumbList\",\"@id\":\"https:\/\/erec-cm.com\/index.php\/product\/masque-a-infra-rouge-pour-salon-esthetique\/#breadcrumb\",\"itemListElement\":[{\"@type\":\"ListItem\",\"position\":1,\"name\":\"Home\",\"item\":\"https:\/\/erec-cm.com\/\"},{\"@type\":\"ListItem\",\"position\":2,\"name\":\"Shop\",\"item\":\"https:\/\/erec-cm.com\/index.php\/shop\/\"},{\"@type\":\"ListItem\",\"position\":3,\"name\":\"Masque \u00e0 infra rouge pour salon esth\u00e9tique\"}]},{\"@type\":\"WebSite\",\"@id\":\"https:\/\/erec-cm.com\/#website\",\"url\":\"https:\/\/erec-cm.com\/\",\"name\":\"Erec Cameroun\",\"description\":\"Just another WordPress site\",\"potentialAction\":[{\"@type\":\"SearchAction\",\"target\":{\"@type\":\"EntryPoint\",\"urlTemplate\":\"https:\/\/erec-cm.com\/?s={search_term_string}\"},\"query-input\":\"required name=search_term_string\"}],\"inLanguage\":\"fr-FR\"}]}<\/script>\n<!-- \/ Yoast SEO plugin. -->","yoast_head_json":{"title":"Masque \u00e0 infra rouge pour salon esth\u00e9tique - Erec Cameroun","robots":{"index":"index","follow":"follow","max-snippet":"max-snippet:-1","max-image-preview":"max-image-preview:large","max-video-preview":"max-video-preview:-1"},"canonical":"https:\/\/erec-cm.com\/index.php\/product\/masque-a-infra-rouge-pour-salon-esthetique\/","og_locale":"fr_FR","og_type":"article","og_title":"Masque \u00e0 infra rouge pour salon esth\u00e9tique - Erec Cameroun","og_description":"Les masques faciaux \u00e0 LED se sont av\u00e9r\u00e9s efficaces pour traiter diff\u00e9rents aspects du vieillissement cutan\u00e9. Des am\u00e9liorations ont \u00e9t\u00e9 d\u00e9montr\u00e9es. Ces r\u00e9sultats sont soutenus \u00e0 la fois par une production et une prolif\u00e9ration accrues de collag\u00e8ne.","og_url":"https:\/\/erec-cm.com\/index.php\/product\/masque-a-infra-rouge-pour-salon-esthetique\/","og_site_name":"Erec Cameroun","article_modified_time":"2026-04-29T11:22:32+00:00","og_image":[{"width":1080,"height":1080,"url":"https:\/\/erec-cm.com\/wp-content\/uploads\/2022\/12\/Masque-a-infra-rouge-pour-salon-esthetique.jpg","type":"image\/jpeg"}],"twitter_card":"summary_large_image","twitter_misc":{"Dur\u00e9e de lecture estim\u00e9e":"1 minute"},"schema":{"@context":"https:\/\/schema.org","@graph":[{"@type":"WebPage","@id":"https:\/\/erec-cm.com\/index.php\/product\/masque-a-infra-rouge-pour-salon-esthetique\/","url":"https:\/\/erec-cm.com\/index.php\/product\/masque-a-infra-rouge-pour-salon-esthetique\/","name":"Masque \u00e0 infra rouge pour salon esth\u00e9tique - Erec Cameroun","isPartOf":{"@id":"https:\/\/erec-cm.com\/#website"},"primaryImageOfPage":{"@id":"https:\/\/erec-cm.com\/index.php\/product\/masque-a-infra-rouge-pour-salon-esthetique\/#primaryimage"},"image":{"@id":"https:\/\/erec-cm.com\/index.php\/product\/masque-a-infra-rouge-pour-salon-esthetique\/#primaryimage"},"thumbnailUrl":"https:\/\/erec-cm.com\/wp-content\/uploads\/2022\/12\/Masque-a-infra-rouge-pour-salon-esthetique.jpg","datePublished":"2022-12-05T12:50:31+00:00","dateModified":"2026-04-29T11:22:32+00:00","breadcrumb":{"@id":"https:\/\/erec-cm.com\/index.php\/product\/masque-a-infra-rouge-pour-salon-esthetique\/#breadcrumb"},"inLanguage":"fr-FR","potentialAction":[{"@type":"ReadAction","target":["https:\/\/erec-cm.com\/index.php\/product\/masque-a-infra-rouge-pour-salon-esthetique\/"]}]},{"@type":"ImageObject","inLanguage":"fr-FR","@id":"https:\/\/erec-cm.com\/index.php\/product\/masque-a-infra-rouge-pour-salon-esthetique\/#primaryimage","url":"https:\/\/erec-cm.com\/wp-content\/uploads\/2022\/12\/Masque-a-infra-rouge-pour-salon-esthetique.jpg","contentUrl":"https:\/\/erec-cm.com\/wp-content\/uploads\/2022\/12\/Masque-a-infra-rouge-pour-salon-esthetique.jpg","width":1080,"height":1080},{"@type":"BreadcrumbList","@id":"https:\/\/erec-cm.com\/index.php\/product\/masque-a-infra-rouge-pour-salon-esthetique\/#breadcrumb","itemListElement":[{"@type":"ListItem","position":1,"name":"Home","item":"https:\/\/erec-cm.com\/"},{"@type":"ListItem","position":2,"name":"Shop","item":"https:\/\/erec-cm.com\/index.php\/shop\/"},{"@type":"ListItem","position":3,"name":"Masque \u00e0 infra rouge pour salon esth\u00e9tique"}]},{"@type":"WebSite","@id":"https:\/\/erec-cm.com\/#website","url":"https:\/\/erec-cm.com\/","name":"Erec Cameroun","description":"Just another WordPress site","potentialAction":[{"@type":"SearchAction","target":{"@type":"EntryPoint","urlTemplate":"https:\/\/erec-cm.com\/?s={search_term_string}"},"query-input":"required name=search_term_string"}],"inLanguage":"fr-FR"}]}},"_links":{"self":[{"href":"https:\/\/erec-cm.com\/index.php\/wp-json\/wp\/v2\/product\/20529","targetHints":{"allow":["GET"]}}],"collection":[{"href":"https:\/\/erec-cm.com\/index.php\/wp-json\/wp\/v2\/product"}],"about":[{"href":"https:\/\/erec-cm.com\/index.php\/wp-json\/wp\/v2\/types\/product"}],"replies":[{"embeddable":true,"href":"https:\/\/erec-cm.com\/index.php\/wp-json\/wp\/v2\/comments?post=20529"}],"wp:featuredmedia":[{"embeddable":true,"href":"https:\/\/erec-cm.com\/index.php\/wp-json\/wp\/v2\/media\/20530"}],"wp:attachment":[{"href":"https:\/\/erec-cm.com\/index.php\/wp-json\/wp\/v2\/media?parent=20529"}],"wp:term":[{"taxonomy":"product_cat","embeddable":true,"href":"https:\/\/erec-cm.com\/index.php\/wp-json\/wp\/v2\/product_cat?post=20529"},{"taxonomy":"product_tag","embeddable":true,"href":"https:\/\/erec-cm.com\/index.php\/wp-json\/wp\/v2\/product_tag?post=20529"}],"curies":[{"name":"wp","href":"https:\/\/api.w.org\/{rel}","templated":true}]}}